{"id":115,"date":"2024-12-10T10:33:56","date_gmt":"2024-12-10T09:33:56","guid":{"rendered":"https:\/\/599.ablak.arnes.si\/wp-mailer-splosno\/?page_id=115"},"modified":"2024-12-13T06:18:49","modified_gmt":"2024-12-13T05:18:49","slug":"mnenja-in-pobude","status":"publish","type":"page","link":"https:\/\/599.ablak.arnes.si\/wp-mailer-splosno\/?page_id=115","title":{"rendered":"Mnenja in pobude (anonimno)"},"content":{"rendered":"<p><a href=\"https:\/\/599.ablak.arnes.si\/wp-mailer-splosno\/wp-content\/uploads\/2024\/12\/vojc2-modeli2.jpg\"><img loading=\"lazy\" decoding=\"async\" class=\"wp-image-125 alignnone\" src=\"https:\/\/599.ablak.arnes.si\/wp-mailer-splosno\/wp-content\/uploads\/2024\/12\/vojc2-modeli2-e1734067066793.jpg\" alt=\"\" width=\"366\" height=\"185\" \/><\/a><\/p>\n\n<div class=\"wpcf7 no-js\" id=\"wpcf7-f114-o1\" lang=\"sl-SI\" dir=\"ltr\" data-wpcf7-id=\"114\">\n<div class=\"screen-reader-response\"><p role=\"status\" aria-live=\"polite\" aria-atomic=\"true\"><\/p> <ul><\/ul><\/div>\n<form action=\"\/wp-mailer-splosno\/index.php?rest_route=%2Fwp%2Fv2%2Fpages%2F115#wpcf7-f114-o1\" method=\"post\" class=\"wpcf7-form init\" aria-label=\"Kontaktni obrazec\" enctype=\"multipart\/form-data\" novalidate=\"novalidate\" data-status=\"init\">\n<fieldset class=\"hidden-fields-container\"><input type=\"hidden\" name=\"_wpcf7\" value=\"114\" \/><input type=\"hidden\" name=\"_wpcf7_version\" value=\"6.1.5\" \/><input type=\"hidden\" name=\"_wpcf7_locale\" value=\"sl_SI\" \/><input type=\"hidden\" name=\"_wpcf7_unit_tag\" value=\"wpcf7-f114-o1\" \/><input type=\"hidden\" name=\"_wpcf7_container_post\" value=\"0\" \/><input type=\"hidden\" name=\"_wpcf7_posted_data_hash\" value=\"\" \/>\n<\/fieldset>\n<p>Obrazec po\u0161lje anonimno e-sporo\u010dilo \u0161oli Vojnik.\n<\/p>\n<p><b>Naslov (neobvezno): <\/b><span class=\"wpcf7-form-control-wrap\" data-name=\"your-subject\"><input size=\"40\" maxlength=\"400\" class=\"wpcf7-form-control wpcf7-text\" aria-invalid=\"false\" value=\"\" type=\"text\" name=\"your-subject\" \/><\/span>\n<\/p>\n<p><b>Va\u0161e sporo\u010dilo<\/b>\n<\/p>\n<p><span class=\"wpcf7-form-control-wrap\" data-name=\"your-message\"><textarea cols=\"40\" rows=\"10\" maxlength=\"2000\" class=\"wpcf7-form-control wpcf7-textarea\" aria-invalid=\"false\" name=\"your-message\"><\/textarea><\/span>\n<\/p>\n<p><b>Prilo\u017eite lahko datoteko.<\/b><br \/>\n(Dovoljene so skoraj vse tekstovne in slikovne datoteke ter MP3 datoteke, ki so manj\u0161e od 6 Mb. \u010ce bi radi poslali ve\u010d datotek, jih prestavite v ZIP arhiv. Tudi velikost tega ne sme presegati 6 Mb)\n<\/p>\n<p><span class=\"wpcf7-form-control-wrap\" data-name=\"Priloga\"><input size=\"40\" class=\"wpcf7-form-control wpcf7-file\" accept=\".jpg,.pdf,.png,.bmp,.xls,.xlsx,.odt,.ppt,.pptx,.ods,.odp,.tga,.mp3,.doc,.docx,.txt,.zip,.7z,.tar\" aria-invalid=\"false\" type=\"file\" name=\"Priloga\" \/><\/span>\n<\/p>\n<p><b>Prepi\u0161ite spodnje znake.<\/b> (Vnesete lahko tudi le male znake.)\n<\/p>\n<p><input type=\"hidden\" name=\"_wpcf7_captcha_challenge_captcha-118\" value=\"2853701390\" \/><img loading=\"lazy\" decoding=\"async\" class=\"wpcf7-form-control wpcf7-captchac wpcf7-captcha-captcha-118\" width=\"84\" height=\"28\" alt=\"captcha\" src=\"https:\/\/599.ablak.arnes.si\/wp-mailer-splosno\/wp-content\/uploads\/wpcf7_captcha\/2853701390.png\" \/><br \/>\n<span class=\"wpcf7-form-control-wrap\" data-name=\"captcha-118\"><input size=\"4\" maxlength=\"4\" class=\"wpcf7-form-control wpcf7-captchar\" autocomplete=\"off\" aria-invalid=\"false\" value=\"\" type=\"text\" name=\"captcha-118\" \/><\/span>\n<\/p>\n<p><input class=\"wpcf7-form-control wpcf7-submit has-spinner\" type=\"submit\" value=\"Po\u0161lji sporo\u010dilo\" \/>\n<\/p>\n<p>\u017daljivih in nespodobnih sporo\u010dil ne bomo upo\u0161tevali!\n<\/p><p style=\"display: none !important;\" class=\"akismet-fields-container\" data-prefix=\"_wpcf7_ak_\"><label>&#916;<textarea name=\"_wpcf7_ak_hp_textarea\" cols=\"45\" rows=\"8\" maxlength=\"100\"><\/textarea><\/label><input type=\"hidden\" id=\"ak_js_1\" name=\"_wpcf7_ak_js\" value=\"60\"\/><script>document.getElementById( \"ak_js_1\" ).setAttribute( \"value\", ( new Date() ).getTime() );<\/script><\/p><div class=\"wpcf7-response-output\" aria-hidden=\"true\"><\/div>\n<\/form>\n<\/div>\n\n","protected":false},"excerpt":{"rendered":"","protected":false},"author":1,"featured_media":0,"parent":0,"menu_order":0,"comment_status":"closed","ping_status":"closed","template":"","meta":{"footnotes":""},"class_list":["post-115","page","type-page","status-publish","hentry"],"_links":{"self":[{"href":"https:\/\/599.ablak.arnes.si\/wp-mailer-splosno\/index.php?rest_route=\/wp\/v2\/pages\/115","targetHints":{"allow":["GET"]}}],"collection":[{"href":"https:\/\/599.ablak.arnes.si\/wp-mailer-splosno\/index.php?rest_route=\/wp\/v2\/pages"}],"about":[{"href":"https:\/\/599.ablak.arnes.si\/wp-mailer-splosno\/index.php?rest_route=\/wp\/v2\/types\/page"}],"author":[{"embeddable":true,"href":"https:\/\/599.ablak.arnes.si\/wp-mailer-splosno\/index.php?rest_route=\/wp\/v2\/users\/1"}],"replies":[{"embeddable":true,"href":"https:\/\/599.ablak.arnes.si\/wp-mailer-splosno\/index.php?rest_route=%2Fwp%2Fv2%2Fcomments&post=115"}],"version-history":[{"count":7,"href":"https:\/\/599.ablak.arnes.si\/wp-mailer-splosno\/index.php?rest_route=\/wp\/v2\/pages\/115\/revisions"}],"predecessor-version":[{"id":129,"href":"https:\/\/599.ablak.arnes.si\/wp-mailer-splosno\/index.php?rest_route=\/wp\/v2\/pages\/115\/revisions\/129"}],"wp:attachment":[{"href":"https:\/\/599.ablak.arnes.si\/wp-mailer-splosno\/index.php?rest_route=%2Fwp%2Fv2%2Fmedia&parent=115"}],"curies":[{"name":"wp","href":"https:\/\/api.w.org\/{rel}","templated":true}]}}